 -2*f + 80 = -4*d. Calculate the greatest common divisor of 8606 and f.
26
Let h be (-4)/(-3) + ((5 - 10) + -221)/(-6). What is the greatest common divisor of 5122 and h?
13
Let h(q) = q + 26. Let r be h(-7). Let x be 3/(-27) - (-35420)/207. Calculate the greatest common divisor of r and x.
19
Let w = -138 - -420. Let s = -271 + w. What is the highest common factor of 55 and s?
11
Suppose -136*w + 17480 = 4*r - 134*w, -3*w = -r + 4363. Calculate the highest common factor of r and 17.
17
Suppose -2*f - 2*j + 64 = 0, 3*f - 2*j + 28 = 109. Let q be 72/24*(-957)/(-9). Calculate the greatest common factor of q and f.
29
Let u(z) = 6*z + 92. Let s(d) = -7*d**2 - 13*d + 9. Let m be s(-3). Let t be u(m). What is the highest common factor of t and 15?
1
Let u = 1755 - 1656. Calculate the highest common factor of 3 and u.
3
Suppose 59752 = 215*t - 21*t. Calculate the greatest common factor of 2926 and t.
154
Let y = 4867 - 4682. Calculate the greatest common divisor of 2664 and y.
37
Let d = 654 + -552. Suppose 0 = -9*i + 15*i - d. Calculate the highest common divisor of i and 697.
17
Let o be -10 + (-25599)/(-49) + (-4)/(-7). Calculate the highest common divisor of 19 and o.
19
Let c = 227 + 2037. Calculate the greatest common factor of c and 16.
8
Suppose 2*h + 1074 = 2*n + 4*h, -5*n = 21*h - 2701. Calculate the greatest common factor of 424 and n.
8
Let u = 134 + -132. Suppose u*t + 252 = 6*t. What is the highest common factor of 9 and t?
9
Let c be 28/(-42) + 1390/15. What is the greatest common divisor of 1426 and c?
46
Suppose -85 = 3*z - 4*o + 59, 2*z + 97 = 3*o. Let n be (5 + 253/z)/(2/(-32)). What is the highest common divisor of 1284 and n?
12
Let p be ((-315)/4)/(((-13)/((-156)/(-18)))/6). Suppose -2*g = 4*k - 130, g + 2*g + 2*k - 191 = 0. Calculate the highest common divisor of p and g.
63
Let c = -4224 + 4231. Calculate the highest common factor of 2359 and c.
7
Suppose -3*v = -3*w - 27, -4*v - 15 = -w - 54. Let h = 3 + 11. Suppose 5*r = 6 + h. Calculate the greatest common factor of r and v.
2
Suppose 682 = v + v + 3*r, -341 = -v - r. Suppose 376*y + 62 = 378*y. What is the highest common divisor of v and y?
31
Let z(m) = -3*m**2 - 75*m - 29. Let g be z(-22). Suppose 3*x = 3*w - 5*w + g, 2*x - 10 = 0. What is the greatest common divisor of w and 154?
77
Let w(t) = -55*t + 303. Let y be w(-25). Suppose 5*q = -3*z + 6163, -4*z - 782 - y = -2*q. Calculate the greatest common factor of q and 28.
28
Suppose -k - 7 = 4*v, k + 3*v + 24 = 4*k. Suppose 5*f + 4*b = 88, -k*f = -3*b + 5*b - 84. What is the greatest common factor of f and 4?
4
Suppose -231447*s + 231443*s = -16. What is the highest common divisor of 2234 and s?
2
Let j = -432 - -551. Suppose 30 = -j*r + 122*r. Calculate the highest common divisor of r and 2.
2
Suppose -2*j + 18 = 2*q, 3*j = -9*q + 5*q + 31. Suppose 437 = j*l + f - 329, 0 = -2*l + 4*f + 324. Calculate the greatest common divisor of 14 and l.
14
Suppose -z + 5 = 4*z. Let j be (-1)/((-4)/16*z). Let u be (2/(-1))/(8 - 565/70). Calculate the greatest common factor of j and u.
4
Let v(d) = 1326*d - 11832. Let g be v(9). What is the highest common factor of 3774 and g?
102
Suppose -12872*u - 828 = -12884*u. Calculate the greatest common factor of u and 2208.
69
Suppose 5*l = -5*f + 530, 3*l - 3*f = -0*l + 300. Let q = -88 + l. Calculate the greatest common factor of 25 and q.
5
Suppose 0 = -k + 3 - 0. Let y(l) = -l + 49. Let u be y(13). Let b be 3*3/(u/4) - -8. What is the highest common factor of k and b?
3
Let s be 178*1 + (-210)/(-42 + 27). Let i(n) = 25*n**2 - n. Let a be i(1). What is the greatest common factor of a and s?
24
Suppose -75*t = -2423788 + 627463. Calculate the greatest common divisor of t and 43.
43
Let f(g) = -8*g + 2. Let k(x) = -3*x + 1. Let p(l) = 2*f(l) - 5*k(l). Let c be p(-21). What is the greatest common divisor of 260 and c?
20
Let p(y) = -y**3 - 42*y**2 - 36*y + 310. Let w be p(-41). Let g be (-9)/6*(-12 - 2). Calculate the greatest common divisor of g and w.
21
Let t(k) = 281*k**2 - 1350*k + 8. Let l be t(6). Calculate the greatest common factor of 69 and l.
23
Suppose 0 = -3*q - 2*j + 1248 + 1829, 2*q = 2*j + 2058. Let r = q + -547. Suppose 3*f - 7*f = -r. Calculate the greatest common divisor of f and 6.
6
Suppose 0 = 127*g - 5554 + 4449 - 11468. What is the greatest common factor of 1012 and g?
11
Let a be 42/(0 - 11/(-2079)). What is the greatest common factor of a and 49?
49
Let j(w) = -6*w**3 + 7*w**2 + w - 9. Let s be j(-4). What is the highest common factor of s and 63?
21
Let b = -29721 - -29733. Let o = 10 - 4. Suppose j - 14 + o = 0. Calculate the greatest common divisor of j and b.
4
Let s = -456 - -602. Let y = -114 + s. Calculate the highest common factor of 184 and y.
8
Suppose 18*u + 2 = -9*u + 56. Suppose -36 = -4*z + 152. What is the greatest common factor of u and z?
1
Suppose 0 = 5*j + 49 - 79. Suppose j*l - 147 = 207. What is the greatest common divisor of l and 649?
59
Let f(r) = -r**3 - 4*r**2 + 16*r + 27. Let c be f(-6). Suppose 0 = 4*o - 3*q - 4044, 3*q - q = c*o - 3032. Calculate the greatest common divisor of 112 and o.
112
Suppose 0 = 4*h - 4*d - 3592 - 1048, -2*d = h - 1142. Calculate the highest common factor of 2 and h.
2
Let j = 418 + -308. Suppose -2*f + 5*h = -12, 5*h - 7 - 47 = -4*f. What is the highest common factor of j and f?
11
Let a(b) be the first derivative of 29*b**2/2 - 18*b + 57. Let f be a(2). Calculate the highest common factor of 520 and f.
40
Suppose -5*y - 7*t = -78206, 4*t = 5*y - y - 62488. What is the greatest common factor of 20 and y?
10
Let l be -3 - 10/(-3 - 2). Let n be -10*((-12)/8 - l). Suppose -5*c + 48 = a, n*c + 3*a = -a + 57. What is the greatest common divisor of c and 18?
9
Let t = 4535 + -4178. Calculate the highest common divisor of 84 and t.
21
Let y be ((-681)/(-2))/(10/960*72). Calculate the highest common factor of 12 and y.
2
Let m(c) = -158*c + 504. Let v be m(0). What is the greatest common divisor of v and 112?
56
Let s(h) = 2*h**2 + 12*h - 20. Let v be s(-7). Let f be (-443)/(-9) + v/27. Let y be 0 + f - (2 + 6 + -7). Calculate the greatest common factor of 72 and y.
24
Suppose l - 316 = -2*l - 4*w, 15 = -3*w. Let b be (6/9)/(4/48). Let j be ((-2)/b)/((-38)/1064). What is the greatest common divisor of l and j?
7
Suppose -9604 = 66*h - 65440. What is the greatest common divisor of 188 and h?
94
Let z be 244/(-1464) + (-14)/(-12). Calculate the highest common factor of z and 2006.
1
Suppose -2*y - 1223 = -4*s - 3*y, s - 5*y - 290 = 0. Suppose -s = -w + 28. Calculate the greatest common factor of w and 9.
9
Let h(x) = -x**2 - 9*x - 8. Let z be h(-5). Suppose 81*m - 384 = 49*m. What is the highest common factor of z and m?
12
Suppose 4*y = -x + 11017, 713 = x + 5*y - 10296. What is the highest common divisor of 145 and x?
29
Suppose -3*y + 10 = l, 0 = -8*l + 6*l - 4. What is the greatest common factor of y and 210?
2
Let u(k) = -20*k**2 + 124*k - 93. Let f be u(5). Calculate the greatest common factor of f and 6174.
9
Let s be 95/5 - -1*(-8 + 4). Let g = 0 - -2. Suppose -113 = -g*y + 97. Calculate the greatest common factor of s and y.
15
Let j(l) = -28*l**3 - 12*l - 28. Let y be j(-2). Calculate the highest common divisor of y and 5236.
44
Let x(l) = -4*l**2 + 4. Let j(w) = w**3 + 5*w**2 + 6*w + 10. Let o be j(-4). Let q be x(o). Let f = 152 + q. Calculate the highest common factor of f and 20.
20
Let s = -179 - -259. Suppose -2*d = 6*d - s. Let q(h) = h**3 - 11*h**2 + 12*h - 9. Let c be q(d). Calculate the greatest common factor of 1 and c.
1
Let o(w) = -w**2 + 30*w + 6. Let z be o(0). Suppose 0 = -5*l + 15, 9*y - 408 = z*y - 2*l. What is the greatest common factor of 603 and y?
67
Let n = 1436 + -942. What is the greatest common factor of 152 and n?
38
Let u = 208 - 96. Suppose 57 = 4*n + 7*j - 2*j, -5 = -j. Suppose 3*w + 5*a - 56 = -n, -4*a = 0. Calculate the greatest common factor of w and u.
16
Suppose -14*v + 0*v = -8*v - 20274. Calculate the greatest common factor of 93 and v.
31
Let d(x) = x**3 + 14*x**2 + 13*x - 6. Let f be d(-13). Let t be (6/9)/(f/(-18)*1). What is the greatest common divisor of t and 54?
2
Suppose 0 = -2*y + 16, -5*c + 1156 = -c + 3*y. What is the highest common factor of c and 31979?
283
